- 10 - 37. What is the units digit of l?
7
Suppose 5*u - 823 = -53. Suppose b = -2*l + 3*b + 52, 0 = 5*l + 3*b - u. What is the units digit of l?
9
Let a(f) = 68*f**2 - 3*f - 3. What is the hundreds digit of a(-2)?
2
What is the units digit of 1 + 23 + (-2 - -3)?
5
Let u(g) = -4*g**2 + 8*g - 2. Let t(x) = x. Let k(o) = 5*t(o) - u(o). Suppose -4*f - 2 + 10 = 0. What is the tens digit of k(f)?
1
Suppose 2*s = -3*l + 4*s, -3*l - 2*s = -12. Let u = l - 2. Suppose -2*b + 4*m = -44, u*m = -4*b - m + 61. What is the tens digit of b?
1
Suppose 5*s - 2*k = 17, k + 25 = s + 6*k. Suppose 0 = -10*y + s*y + 75. What is the tens digit of y?
1
Let c = 47 + -34. What is the units digit of c?
3
Suppose -2*d + 24 = 2*n, 4*d = -3*n - 0*d + 36. What is the tens digit of n?
1
Let a(z) = 5*z**2 + 4*z - 4. What is the tens digit of a(3)?
5
Let z be 12*(11/(-4))/(-1). Suppose -5*y + 3*y + 44 = 4*m, -5*m + z = -3*y. What is the units digit of m?
9
Let p be (-621)/(-7) + (-2)/(-7). Suppose -5*z + 5*i + p - 34 = 0, -37 = -5*z - 4*i. What is the units digit of 0 + -1 + 0 + z?
8
Suppose 4*w - 1 - 3 = 0, -2*w + 6 = s. Suppose -2*z - 42 = s. Let d = 33 + z. What is the tens digit of d?
1
Let n(i) = i**2 + 13*i + 14. Suppose -3*j + 2 = 38. What is the units digit of n(j)?
2
Let a be 4/18*-3*-18. What is the units digit of (-9)/a + 7/4?
1
Let n = 42 + 63. What is the units digit of n?
5
Let h = 135 - -77. What is the hundreds digit of h?
2
Suppose 2*g - 143 = -g + 5*h, 20 = 4*h. What is the tens digit of g?
5
Let l = 13 + -1. What is the units digit of l?
2
Suppose n = 4*h - 8, -h + 3*h - 5*n - 22 = 0. Let r = 6 + h. What is the units digit of r?
7
Suppose 942 = 7*x - x. What is the units digit of x?
7
Let c be 4/(-6) + 6/9. What is the units digit of -2 + 16 + -3 + c?
1
Let o be (-15)/(-1)*(-44)/(-55). Suppose 0 = -4*n - 4*i + 84, -n - n + 5*i = -49. Let u = n - o. What is the units digit of u?
0
Let a(d) = d**3 + 4*d**2 + 3*d - 2. Let w be a(-3). What is the units digit of 72/(-6)*1/w?
6
Suppose 2*u - 56 = -5*n, 5*n - 3*u - 57 = 9. Let y = n - 5. What is the units digit of y?
7
Let p(y) = -y**3 - 5*y**2 + 4*y + 16. What is the tens digit of p(-6)?
2
Suppose -2*o - 7 = -2*v + 7, 5*v = -o + 17. What is the units digit of 1/v - (-285)/12?
4
Let m be 2/(-5) - (-162)/30. Let y(g) = g**2 - 4*g - 1. What is the units digit of y(m)?
4
Let a(u) = -4*u**3 + 3*u**2 + 7*u - 5. Let s(c) = -2*c**3 + c**2 + 3*c - 2. Let l(d) = 2*a(d) - 5*s(d). Let g be 0/1 + -2 + 3. What is the units digit of l(g)?
2
Suppose -f + 190 = -48. What is the tens digit of f?
3
Let z = -9 + 49. What is the tens digit of z?
4
Let c(s) = s**3 + s**2 - s. Let h be c(0). Suppose 4*v + 72 = 5*y, 4*y + v + 4*v - 33 = h. What is the units digit of y?
2
Let o be -2*(4 - (-75)/(-6)). Suppose -13*f - 180 = -o*f. What is the tens digit of f?
4
Let u = 310 - 72. What is the tens digit of u?
3
Suppose -5*b - 10 = 5*u, 5*u - 3*b + 29 + 5 = 0. Let g = u + 6. What is the units digit of (9 + (-2)/g)*1?
7
Let v = 903 - 555. What is the tens digit of (v/(-48))/((-1)/4)?
2
Suppose -4*k + 49 = k - 2*y, 2*k + 3*y = 12. Suppose -2*v - 7 - k = -3*n, -v + 10 = 3*n. What is the units digit of n?
4
Let t = 9 - -23. Suppose 4*c + 0*c - t = 0. What is the units digit of c?
8
Let c be 8 - 3 - (1 - 2). Let m(k) = k**2 - 4*k + 2. Let g be m(c). Suppose 0 = 2*x - 4*x + g. What is the units digit of x?
7
Let k = 1 - -9. Let z be 18/5 + 4/k. Suppose -s - 2*s + p + 27 = 0, z*s = -p + 43. What is the units digit of s?
0
Suppose 4*u + 86 = -5*l, 4 + 2 = -l + 2*u. Let z = -6 - l. What is the units digit of z?
8
Let o(w) = 2*w**2 - 3*w + 22. What is the units digit of o(4)?
2
Suppose -3*o = -0*o + 15. Let q = o + 11. What is the tens digit of 9/q*24/3?
1
Suppose 5*s = 3*s + 6. Suppose c + 3 = -4*t, -2*t = -s*c - t - 22. Let a = -5 - c. What is the units digit of a?
2
Let g(v) = -8*v + 1. What is the units digit of g(-5)?
1
Let q be (-64)/(-12) + (-6)/(-9). Suppose 0 = -b + 3 + q. What is the units digit of b?
9
Let o(y) = -4*y - 22. Let z be o(-7). Suppose -2*p = -3*w + 4*w + 3, -p - 4*w = -16. Let n = z - p. What is the units digit of n?
0
Let k(c) = 4*c**2 + 2*c - 1. Let t(g) be the third derivative of g**5/60 - g**4/12 - g**3/3 - g**2. Let v be t(3). What is the units digit of k(v)?
5
Suppose a + 28 = 2*z + 69, -5*a = 4*z - 261. What is the units digit of a?
9
Suppose -368 = -4*w - 4*f, -4*f - f = -20. What is the units digit of w?
8
Let b be 2 + -2 + 2 + 0. Suppose 3*u - b*u - 39 = -2*n, n - 16 = 3*u. Let m = -11 + n. What is the units digit of m?
8
What is the units digit of (-370)/(-4) + (-10)/((-180)/(-27))?
1
Let i be (-3 - 12)/((-2)/42). What is the tens digit of (-1)/2 - i/(-18)?
1
Suppose -2*j = -23 - 51. What is the tens digit of j?
3
Let b = 23 + -1. What is the units digit of b?
2
Let q be 10/(-15)*3/(-2). What is the units digit of (4*(q - -4))/1?
0
Let p = -25 + 15. What is the tens digit of p/(-6)*210/14?
2
Let z(w) = 2*w**3 - 2*w**2 - w. Let s be z(-1). Let v(p) = -p**2 - 5*p - 2. Let m be v(s). Let c = 3 + m. What is the units digit of c?
7
Suppose -w + 2 = -0*w. Suppose -5*q - 9 - 15 = -s, w*q - 3 = -s. Suppose 0 = -4*f + 3*f + s. What is the units digit of f?
9
Suppose 5*n = -4*y + 371, 5*n - 288 = n - y. What is the tens digit of n?
7
Let k(t) = 4*t - 1 - 2*t - 3. What is the units digit of k(4)?
4
Suppose -3*y = -8*y - 305. Let j = -31 - y. What is the units digit of j?
0
Suppose 15 = -3*b, -4 - 4 = -g + b. What is the units digit of g?
3
Suppose 0 = -6*x + x + 40. Suppose 0 = -5*i + x*i - f - 50, -2*i + 40 = -4*f. What is the units digit of i?
6
Let j = 0 + 2. Suppose -2*v + 4*v = 5*r + 39, -v + 17 = -j*r. What is the units digit of v?
7
Suppose -5*l + 57 + 123 = 0. Suppose 4*a + 5*m = l, 0 = -a + 2*m + 4 + 5. What is the units digit of a?
9
Let m be (18 - 0)*7/21. Suppose -2*u = -0 - m. What is the units digit of u?
3
Let q be 2/((-2)/(-11)) - 2. Let i(g) = -g + 7. Let d be i(q). Let a(t) = -t**3 + 3*t**2 + 4*t + 3. What is the units digit of a(d)?
5
Let h(g) = 21*g**2 + 3*g + 1. What is the tens digit of h(-2)?
7
Let f = -1 - -1. Suppose 4*b + 62 - 158 = f. Suppose -v = -5*v + b. What is the units digit of v?
6
Let p = 75 - 36. What is the units digit of p?
9
What is the tens digit of 4*4/(-40)*-185?
7
Suppose 37 - 2 = 5*g. Suppose 1 = q - g. What is the units digit of q?
8
Let b(j) = 15*j - 12. Let f(c) = -8*c + 6. Let n(k) = 4*b(k) + 7*f(k). What is the tens digit of n(6)?
1
Let n be (-4)/(-6)*-3 + 9. Suppose -n*f = -4*f + 108. What is the units digit of f/(-16) - 1/4?
2
Suppose -1 = 2*v + 1. Let b be (2 - (v - -3))/1. Suppose -4*z - 2*l + 8 = 0, 4 = -4*z - b*l + 4*l. What is the units digit of z?
1
Suppose -3*f - 120 = -8*f. What is the units digit of f?
4
Let c be ((-3)/(-5))/((-1)/(-85)). Suppose -9 = -2*v + c. What is the tens digit of v?
3
Suppose j - 5*l = -0*j - 3, 3*j - 2*l = -22. Let z = j - -22. What is the units digit of z?
4
Let f be (3/2)/((-5)/20). Let h = f + 2. What is the units digit of (-18)/4*h/3?
6
Suppose 2*h = -2*r + 44, 10 = -4*h + 3*r + 70. What is the tens digit of h?
1
What is the tens digit of 26/39*117/2?
3
What is the hundreds digit of ((-27)/(-12) + -2)*3768/6?
1
Suppose 27 = 3*c - 132. What is the tens digit of c?
5
Suppose 2 = 5*b + 7. What is the tens digit of -30*(-1)/(-3)*b?
1
Let r(y) = y**2 - y + 3. Let b be r(0). Suppose 9 = 4*p - b. Suppose 0*n = -n + p. What is the units digit of n?
3
Let n(d) = d**3 + 6*d**2 + 2*d - 1. Let h be n(-5). Suppose -6 = -2*x - h. What is the tens digit of x/(-6)*90/5?
1
Let y(r) = 3*r + 1. Let a be y(1). Suppose 3 = -a*o + 91. What is the units digit of o?
2
Let s = -15 - -8. Let d(u) = -u**2 - 5*u + 6. Let f be d(s). Let w = f + 18. What is the tens digit of w?
1
Let f = -27 - -60. What is the tens digit of f?
3
Let n(a) = -a**2 - 11*a - 1. What is the units digit of n(-6)?
9
Suppose 5*h = -5*x + 85, 7*h - 7 = x + 2*h. Suppose -t - 2*s + s + x = 0, -5*t = s - 65. What is the units digit of t?
3
Suppose -5*r - 4*p - 134 = 0, 4*r + 130 = -4*p + 26. Suppose -2*q = -m - 6, 0 = 3*m + q + 2 + 2. What is the units digit of m/(-4) - r/4?
8
Suppose y = 2*c + c - 51, 83 = 5*c - y. Suppose c = -4*b + 52. What is the units digit of b?
9
Suppose 5*n = -2*f + 587,